 millions digit of 1483002067?
8
What is the millions digit of 45310880?
5
What is the ten thousands digit of 171754170?
5
What is the ten thousands digit of 42344479?
4
What is the billions digit of 2173064036?
2
What is the ten millions digit of 1468703106?
6
What is the thousands digit of 78943981?
3
What is the millions digit of 459244109?
9
What is the tens digit of 81340767?
6
What is the millions digit of 3257667857?
7
What is the hundreds digit of 74231486?
4
What is the hundreds digit of 7471333616?
6
What is the millions digit of 6577148379?
7
What is the thousands digit of 321367350?
7
What is the thousands digit of 7083654?
3
What is the millions digit of 371792707?
1
What is the hundred thousands digit of 1868116525?
1
What is the ten millions digit of 825214277?
2
What is the ten thousands digit of 382060798?
6
What is the millions digit of 131423688?
1
What is the hundred thousands digit of 5925137?
9
What is the millions digit of 171396777?
1
What is the hundred thousands digit of 520175521?
1
What is the billions digit of 2595549928?
2
What is the hundred thousands digit of 18690293?
6
What is the ten millions digit of 152577806?
5
What is the hundred thousands digit of 69997246?
9
What is the tens digit of 372807275?
7
What is the hundred millions digit of 237193725?
2
What is the units digit of 555118095?
5
What is the units digit of 57056937?
7
What is the millions digit of 183483856?
3
What is the hundreds digit of 466206262?
2
What is the millions digit of 823316771?
3
What is the units digit of 13354134?
4
What is the units digit of 208612482?
2
What is the ten thousands digit of 9074358?
7
What is the millions digit of 23789432?
3
What is the units digit of 676825484?
4
What is the hundred millions digit of 2216663849?
2
What is the ten millions digit of 1728495997?
2
What is the ten thousands digit of 76404539?
0
What is the ten thousands digit of 300042974?
4
What is the ten thousands digit of 2564236739?
3
What is the hundreds digit of 89838777?
7
What is the ten millions digit of 964130684?
6
What is the tens digit of 203186393?
9
What is the hundreds digit of 1433771072?
0
What is the millions digit of 548027683?
8
What is the ten millions digit of 2505670101?
0
What is the tens digit of 197239600?
0
What is the thousands digit of 33846314?
6
What is the units digit of 151143113?
3
What is the hundred millions digit of 1265073370?
2
What is the hundreds digit of 25139809?
8
What is the units digit of 2426375564?
4
What is the tens digit of 929417535?
3
What is the millions digit of 5065139730?
5
What is the millions digit of 224768187?
4
What is the hundreds digit of 2315366222?
2
What is the tens digit of 23850703?
0
What is the ten thousands digit of 899487281?
8
What is the hundred thousands digit of 1036430323?
4
What is the units digit of 34453845?
5
What is the ten thousands digit of 1852528303?
2
What is the ten thousands digit of 594839635?
3
What is the hundreds digit of 194256604?
6
What is the hundred millions digit of 385006368?
3
What is the ten millions digit of 738711286?
3
What is the ten millions digit of 1215745230?
1
What is the hundred millions digit of 4923853439?
9
What is the ten millions digit of 87181747?
8
What is the millions digit of 1129104703?
9
What is the thousands digit of 1661633103?
3
What is the millions digit of 1851766238?
1
What is the tens digit of 131117442?
4
What is the thousands digit of 2837433481?
3
What is the hundreds digit of 7954809611?
6
What is the hundreds digit of 1469461482?
4
What is the thousands digit of 25077602?
7
What is the thousands digit of 789220985?
0
What is the thousands digit of 42567075?
7
What is the hundred thousands digit of 3413748699?
7
What is the hundreds digit of 477164024?
0
What is the hundred thousands digit of 330798961?
7
What is the hundred millions digit of 2275226839?
2
What is the hundred millions digit of 540592567?
5
What is the hundred millions digit of 586236972?
5
What is the thousands digit of 390317359?
7
What is the hundred millions digit of 334917825?
3
What is the tens digit of 2710434430?
3
What is the millions digit of 60403102?
0
What is the hundred millions digit of 110501381?
1
What is the ten thousands digit of 142808076?
0
What is the hundreds digit of 458670777?
7
What is the billions digit of 4752674162?
4
What is the ten millions digit of 212903512?
1
What is the hundreds digit of 295122075?
0
What is the millions digit of 248427763?
8
What is the ten thousands digit of 3971245845?
4
What is the hundred thousands digit of 1402368870?
3
What is the tens digit of 36006907?
0
What is the hundreds digit of 3454579772?
7
What is the tens digit of 36644236?
3
What is the billions digit of 1238255664?
1
What is the tens digit of 174044777?
7
What is the ten millions digit of 48700532?
4
What is the tens digit of 23765296?
9
What is the hundreds digit of 109533038?
0
What is the units digit of 69046288?
8
What is the millions digit of 3896476549?
6
What is the thousands digit of 923384592?
4
What is the millions digit of 68398550?
8
What is the millions digit of 160224388?
0
What is the thousands digit of 57331408?
1
What is the hundred millions digit of 2528388440?
5
What is the ten millions digit of 91657972?
9
What is the units digit of 583932704?
4
What is the thousands digit of 40378437?
8
What is the units digit of 141064801?
1
What is the tens digit of 526104480?
8
What is the tens digit of 121995268?
6
What is the hundred thousands digit of 2811057?
8
What is the tens digit of 757980441?
4
What is the tens digit of 13384797?
9
What is the billions digit of 1763324639?
1
What is the ten millions digit of 26886146?
2
What is the units digit of 1414138410?
0
What is the ten thousands digit of 26673768?
7
What is the thousands digit of 44519757?
9
What is the ten thousands digit of 44040739?
4
What is the hundred millions digit of 2231549810?
2
What is the hundred thousands digit of 95218165?
2
What is the millions digit of 136181268?
6
What is the hundreds digit of 1006768790?
7
What is the hundreds digit of 94992527?
5
What is the thousands digit of 98990350?
0
What is the ten thousands digit of 620069185?
6
What is the units digit of 9250869?
9
What is the tens digit of 3127201921?
2
What is the hundred thousands digit of 210785497?
7
What is the tens digit of 1387229179?
7
What is the hundred thousands digit of 3706800245?
8
What is the thousands digit of 372297210?
7
What is the hundred millions digit of 610945021?
6
What is the millions digit of 1858542802?
8
What is the millions digit of 14093207?
4
What is the units digit of 10737463?
3
What is the ten thousands digit of 269721206?
2
What is the thousands digit of 275223789?
3
What is the hundred millions digit of 1504169981?
5
What is the ten millions digit of 76752419?
7
What is the hundred millions digit of 4887297214?
8
What is the units digit of 74997029?
9
What is the hundred thousands digit of 43927756?
9
What is the hundred thousands digit of 37782823?
7
What is the millions digit of 53022764?
3
What is the thousands digit of 1218693927?
3
What is the hundreds digit of 82741637?
6
What is the hundreds digit of 17996967?
9
What is the thousands digit of 1397927?
7
What is the ten thousands digit of 3283239319?
3
What is the ten thousands digit of 47640735?
4
What is the hundreds digit of 3187488969?
9
What is the thousands digit of 690576524?
6
What is the units digit of 3670301370?
0
What is the tens digit of 1438091060?
6
What is the ten millions digit of 33672321?
3
What is the hundred thousands digit of 45329974?
3
What is the millions digit of 661115157?
1
What is the hundred thousands digit of 153889188?
8
What is the hundred thousands digit of 109097530?
0
What is the units digit of 1295400940?
0
What is the units digit of 3601741492?
2
What is the ten thousands digit of 85014917?
1
What is the ten thousands digit of 183503560?
0
What is the units digit of 55091570?
0
What is the ten millions digit of 433751494?
3
What is the millions digit of 185223194?
5
What is the thousands digit of 284980041?
0
What is the billions digit of 4940387949?
4
What is the tens digit of 255548358?
5
What is the thousands digit of 46562125?
2
What is the te